at are the prime factors of 1187?
1187
What are the prime factors of 407?
11, 37
List the prime factors of 2286.
2, 3, 127
List the prime factors of 2260.
2, 5, 113
What are the prime factors of 12681?
3, 1409
List the prime factors of 32154.
2, 3, 23, 233
What are the prime factors of 671?
11, 61
List the prime factors of 6507.
3, 241
What are the prime factors of 1708?
2, 7, 61
What are the prime factors of 129516?
2, 3, 43, 251
What are the prime factors of 46627?
7, 6661
List the prime factors of 102063.
3, 13, 2617
What are the prime factors of 1844?
2, 461
List the prime factors of 6118.
2, 7, 19, 23
List the prime factors of 9565.
5, 1913
List the prime factors of 96375.
3, 5, 257
List the prime factors of 11760.
2, 3, 5, 7
List the prime factors of 3379.
31, 109
What are the prime factors of 1140?
2, 3, 5, 19
List the prime factors of 16.
2
List the prime factors of 20584.
2, 31, 83
List the prime factors of 218.
2, 109
List the prime factors of 169.
13
What are the prime factors of 1054?
2, 17, 31
List the prime factors of 7598.
2, 29, 131
What are the prime factors of 1567?
1567
What are the prime factors of 499?
499
What are the prime factors of 4257?
3, 11, 43
What are the prime factors of 425?
5, 17
List the prime factors of 133.
7, 19
List the prime factors of 1006.
2, 503
What are the prime factors of 1856?
2, 29
What are the prime factors of 2180?
2, 5, 109
List the prime factors of 1204.
2, 7, 43
List the prime factors of 50086.
2, 79, 317
List the prime factors of 176608.
2, 5519
What are the prime factors of 2048?
2
List the prime factors of 8943.
3, 11, 271
What are the prime factors of 59?
59
What are the prime factors of 14?
2, 7
What are the prime factors of 4485?
3, 5, 13, 23
What are the prime factors of 5753?
11, 523
List the prime factors of 390.
2, 3, 5, 13
List the prime factors of 94538.
2, 47269
What are the prime factors of 58826?
2, 67, 439
What are the prime factors of 818?
2, 409
List the prime factors of 1602.
2, 3, 89
List the prime factors of 34147.
34147
What are the prime factors of 10426?
2, 13, 401
What are the prime factors of 14298?
2, 3, 2383
What are the prime factors of 14808?
2, 3, 617
List the prime factors of 4787.
4787
What are the prime factors of 13119?
3, 4373
List the prime factors of 156195.
3, 5, 13, 89
List the prime factors of 726.
2, 3, 11
List the prime factors of 2357.
2357
List the prime factors of 34769.
7, 4967
What are the prime factors of 1049?
1049
List the prime factors of 27276.
2, 3, 2273
List the prime factors of 16844.
2, 4211
What are the prime factors of 35887?
17, 2111
List the prime factors of 2728.
2, 11, 31
List the prime factors of 2808.
2, 3, 13
What are the prime factors of 10504?
2, 13, 101
What are the prime factors of 1877?
1877
What are the prime factors of 921?
3, 307
List the prime factors of 11780.
2, 5, 19, 31
What are the prime factors of 5675?
5, 227
What are the prime factors of 9581?
11, 13, 67
What are the prime factors of 3748?
2, 937
List the prime factors of 5169.
3, 1723
What are the prime factors of 90571?
13, 6967
List the prime factors of 95709.
3, 61, 523
What are the prime factors of 4714?
2, 2357
List the prime factors of 285.
3, 5, 19
List the prime factors of 3518.
2, 1759
List the prime factors of 2587.
13, 199
List the prime factors of 119636.
2, 11, 2719
What are the prime factors of 4371?
3, 31, 47
List the prime factors of 4139.
4139
What are the prime factors of 188514?
2, 3, 3491
What are the prime factors of 1154?
2, 577
What are the prime factors of 14102?
2, 11, 641
What are the prime factors of 6419?
7, 131
List the prime factors of 3734.
2, 1867
What are the prime factors of 2595?
3, 5, 173
List the prime factors of 1735.
5, 347
List the prime factors of 12590.
2, 5, 1259
What are the prime factors of 35932?
2, 13, 691
What are the prime factors of 7325?
5, 293
List the prime factors of 16676.
2, 11, 379
List the prime factors of 579.
3, 193
What are the prime factors of 36995?
5, 7, 151
What are the prime factors of 1638?
2, 3, 7, 13
List the prime factors of 685.
5, 137
List the prime factors of 144006.
2, 3, 24001
List the prime factors of 37296.
2, 3, 7, 37
List the prime factors of 91949.
11, 13, 643
List the prime factors of 6535.
5, 1307
List the prime factors of 3428.
2, 857
What are the prime factors of 3760?
2, 5, 47
List the prime factors of 12887.
7, 263
List the prime factors of 6161.
61, 101
List the prime factors of 13866.
2, 3, 2311
List the prime factors of 19435.
5, 13, 23
List the prime factors of 1332.
2, 3, 37
List the prime factors of 3656.
2, 457
What are the prime factors of 1096?
2, 137
What are the prime factors of 3375?
3, 5
List the prime factors of 1034.
2, 11, 47
List the prime factors of 5879.
5879
What are the prime factors of 13466?
2, 6733
What are the prime factors of 1260?
2, 3, 5, 7
What are the prime factors of 131?
131
List the prime factors of 10006.
2, 5003
List the prime factors of 17229.
3, 5743
List the prime factors of 6729.
3, 2243
What are the prime factors of 1696?
2, 53
List the prime factors of 131820.
2, 3, 5, 13
List the prime factors of 1879.
1879
List the prime factors of 31691.
11, 43, 67
What are the prime factors of 3840?
2, 3, 5
What are the prime factors of 66692?
2, 16673
What are the prime factors of 2103?
3, 701
What are the prime factors of 6587?
7, 941
What are the prime factors of 11329?
11329
What are the prime factors of 4037?
11, 367
What are the prime factors of 535?
5, 107
List the prime factors of 11779.
11779
What are the prime factors of 16390?
2, 5, 11, 149
List the prime factors of 4885.
5, 977
List the prime factors of 26097.
3, 8699
What are the prime factors of 4465?
5, 19, 47
List the prime factors of 13606.
2, 6803
List the prime factors of 1168.
2, 73
List the prime factors of 325.
5, 13
List the prime factors of 23302.
2, 61, 191
List the prime factors of 21568.
2, 337
List the prime factors of 6769.
7, 967
List the prime factors of 148235.
5, 23, 1289
What are the prime factors of 982?
2, 491
What are the prime factors of 7453?
29, 257
List the prime factors of 6055.
5, 7, 173
List the prime factors of 14183.
13, 1091
List the prime factors of 95936.
2, 1499
List the prime factors of 13312.
2, 13
List the prime factors of 203.
7, 29
What are the prime factors of 118?
2, 59
List the prime factors of 1081.
23, 47
List the prime factors of 10340.
2, 5, 11, 47
List the prime factors of 1690.
2, 5, 13
What are the prime factors of 51478?
2, 7, 3677
What are the prime factors of 718?
2, 359
List the prime factors of 3479.
7, 71
List the prime factors of 20809.
20809
What are the prime factors of 2359?
7, 337
List the prime factors of 23332.
2, 19, 307
What are the prime factors of 1004?
2, 251
List the prime factors of 51133.
51133
List the prime factors of 2426.
2, 1213
List the prime factors of 104534.
2, 52267
List the prime factors of 5697.
3, 211
List the prime factors of 1547.
7, 13, 17
List the prime factors of 1252.
2, 313
List the prime factors of 5378.
2, 2689
List the prime factors of 61513.
137, 449
What are the prime factors of 5760?
2, 3, 5
What are the prime factors of 710?
2, 5, 71
What are the prime factors of 107?
107
What are the prime factors of 787?
787
What are the prime factors of 6996?
2, 3, 11, 53
List the prime factors of 7887.
3, 11, 239
List the prime factors of 41088.
2, 3, 107
List the prime factors of 66486.
2, 3, 7, 1583
What are the prime factors of 7865?
5, 11, 13
What are the prime factors of 6270?
2, 3, 5, 11, 19
What are the prime factors of 33287?
33287
What are the prime factors of 6992?
2, 19, 23
What are the prime factors of 20587?
7, 17, 173
What are the prime factors of 2266?
2, 11, 103
What are the prime factors of 1654?
2, 827
What are the prime factors of 8484?
2, 3, 7, 101
What are the prime factors of 12440?
2, 5, 311
List the prime factors of 42226.
2, 43, 491
What are the prime factors of 47707?
11, 4337
What are the prime factors of 9956?
2, 19, 131
What are the prime factors of 19141?
19141
What are the prime factors of 2?
2
List the prime factors of 2481.
3, 827
What are the prime factors of 1807?
13, 139
List the prime factors of 27.
3
What are the prime factors of 709?
709
List the prime fact